{"id":16,"date":"2015-07-15T23:19:53","date_gmt":"2015-07-15T23:19:53","guid":{"rendered":"http:\/\/afrosoundchoir.com.ar\/wp\/?page_id=16"},"modified":"2026-02-05T05:04:00","modified_gmt":"2026-02-05T05:04:00","slug":"contacto","status":"publish","type":"page","link":"https:\/\/afrosoundchoir.com.ar\/index.php\/contacto\/","title":{"rendered":"contacto"},"content":{"rendered":"<p><a href=\"https:\/\/maps.app.goo.gl\/BvHPJQU8BUufDXjF8\">\r\n\t<div id=\"fws_69f2025004b22\" data-bg-mobile-hidden=\"\" class=\"wpb_row vc_row-fluid vc_row standard_section   \"  style=\"padding-top: 0px; padding-bottom: 0px; \"><div class=\"row-bg-wrap\"> <div class=\"row-bg   \" style=\"\"><\/div> <\/div><div class=\"col span_12 dark \"><\/div><\/div>\n\t<div  class=\"vc_col-sm-12 wpb_column column_container col no-extra-padding\"  data-padding-pos=\"all\" data-hover-bg=\"\" data-animation=\"\" data-delay=\"0\">\n\t\t<div class=\"wpb_wrapper\">\n\t\t\t\n\t\t<\/div> \n\t<\/div> \n\n\t<div class=\"wpb_text_column wpb_content_element \">\n\t\t<div class=\"wpb_wrapper\">\n\t\t\t\n\t\t<\/div> \n\t<\/div> <\/a><!--more--><\/p>\n<h2><span style=\"color: #800000;\"><strong>CONTACTO\u00a0<\/strong><\/span><\/h2>\n<h4><!--more--><span style=\"color: #800000;\">CLAUDIA TAPIA (MOMMA T.)<\/span><br \/>\n<strong><span style=\"color: #800000;\">Directora Art\u00edstica y Productora Ejecutiva\u00a0<\/span><\/strong><br \/>\n<strong><span style=\"color: #ff6600;\"><span style=\"font-size: 10pt; color: #000000;\">Buenos Aires: +54 9 11 3068 7788<br \/>\nMontevideo: +598 99 208 998<br \/>\nSantiago de Chile: +569 6617 4013<br \/>\nE-Mail:\u00a0info@afrosoundchoir.com.ar<br \/>\n<a style=\"color: #000000;\" href=\"http:\/\/www.afrosoundchoir.com.ar\/\">www.afrosoundchoir.com.ar<br \/>\n<\/a><\/span><span style=\"font-size: 10pt; color: #000000;\">\u00abPara el que Cree, Todo es Posible\u00bb<\/span><\/span><\/strong><\/h4>\n<h5><span style=\"color: #800000;\"><br \/>\nCONTRATACIONES<strong><br \/>\n<\/strong><\/span><strong>Ofrecemos M\u00fasica Gospel y otros G\u00e9neros Afroamericanos en diversos \u00e1mbitos:<\/strong><br \/>\n<strong>&#8211; Eventos Empresariales<\/strong><br \/>\n<strong>&#8211; Ceremonias<\/strong><br \/>\n<strong>&#8211; Muestras de Arte<\/strong><br \/>\n<strong>&#8211; Exposiciones<\/strong><br \/>\n<strong>&#8211; Teatros<\/strong><br \/>\n<strong>&#8211; Casamientos<\/strong><br \/>\n<strong>&#8211; Cumplea\u00f1os<\/strong><br \/>\n<strong>&#8211; Celebraciones<br \/>\n&#8211; Desfile<br \/>\n<\/strong><\/h5>\n<h5><strong>Comun\u00edquese con nosotros para sugerirle la mejor Propuesta Musical!!!<\/strong><\/h5>\n","protected":false},"excerpt":{"rendered":"CONTACTO\u00a0 CLAUDIA TAPIA (MOMMA T.) Directora Art\u00edstica y Productora Ejecutiva\u00a0 Buenos Aires: +54 9 11 3068 7788 Montevideo: +598 99 208 998 Santiago de Chile: +569 6617 4013 E-Mail:\u00a0info@afrosoundchoir.com.ar www.afrosoundchoir.com.ar...","protected":false},"author":1,"featured_media":0,"parent":0,"menu_order":0,"comment_status":"open","ping_status":"open","template":"template-contact.php","meta":{"footnotes":""},"_links":{"self":[{"href":"https:\/\/afrosoundchoir.com.ar\/index.php\/wp-json\/wp\/v2\/pages\/16"}],"collection":[{"href":"https:\/\/afrosoundchoir.com.ar\/index.php\/wp-json\/wp\/v2\/pages"}],"about":[{"href":"https:\/\/afrosoundchoir.com.ar\/index.php\/wp-json\/wp\/v2\/types\/page"}],"author":[{"embeddable":true,"href":"https:\/\/afrosoundchoir.com.ar\/index.php\/wp-json\/wp\/v2\/users\/1"}],"replies":[{"embeddable":true,"href":"https:\/\/afrosoundchoir.com.ar\/index.php\/wp-json\/wp\/v2\/comments?post=16"}],"version-history":[{"count":26,"href":"https:\/\/afrosoundchoir.com.ar\/index.php\/wp-json\/wp\/v2\/pages\/16\/revisions"}],"predecessor-version":[{"id":1073,"href":"https:\/\/afrosoundchoir.com.ar\/index.php\/wp-json\/wp\/v2\/pages\/16\/revisions\/1073"}],"wp:attachment":[{"href":"https:\/\/afrosoundchoir.com.ar\/index.php\/wp-json\/wp\/v2\/media?parent=16"}],"curies":[{"name":"wp","href":"https:\/\/api.w.org\/{rel}","templated":true}]}}