{"id":55,"date":"2015-07-22T15:55:21","date_gmt":"2015-07-22T15:55:21","guid":{"rendered":"http:\/\/afrosoundchoir.com.ar\/wp\/?page_id=55"},"modified":"2026-02-05T04:35:07","modified_gmt":"2026-02-05T04:35:07","slug":"equipo-de-produccion","status":"publish","type":"page","link":"https:\/\/afrosoundchoir.com.ar\/index.php\/equipo-de-produccion\/","title":{"rendered":"Equipo de Producci\u00f3n"},"content":{"rendered":"<p><strong>En nuestro Equipo de Producci\u00f3n, todos tenemos una tarea espec\u00edfica que cumplir, pero el com\u00fan denominador es:<\/strong><\/p>\n<ul>\n<li>El Amor por el Gospel<\/li>\n<li>El Respeto por el valioso Grupo Humano con el que trabajamos<\/li>\n<li>La Excelencia con la que pretendemos llevar a cabo Nuestro Arte<\/li>\n<li>Guiar a los Cantantes a trav\u00e9s de la M\u00fasica Gospel, su Esencia y Transformaci\u00f3n<\/li>\n<li><span style=\"color: #800000;\"><strong>NUESTRA MISION ES FOMENTAR Y PROMOVER EL APRECIO POR LA M\u00daSICA GOSPEL A TRAV\u00c9S DE LA INTERPRETACI\u00d3N, LA EDUCACI\u00d3N Y LA CAPACITACI\u00d3N CONSTANTES.<\/strong><\/span><\/li>\n<\/ul>\n<p><strong><span style=\"color: #993300;\">Direcci\u00f3n Art\u00edstica y Producci\u00f3n Ejecutiva en Latinoam\u00e9rica<\/span><\/strong><br \/>\n<strong><span style=\"color: #000000;\">Claudia Alejandra Tapia (Momma T.)<\/span><\/strong><\/p>\n<p><strong><span style=\"color: #993300;\">Direcci\u00f3n Art\u00edstica y Musical<\/span><\/strong><br \/>\n<span style=\"color: #000000;\"><strong>Caterina Giselle Finocchi<\/strong><\/span><br \/>\n<span style=\"color: #000000;\"><strong>Lucas Gaston Finocchi<\/strong><\/span><\/p>\n<p><span style=\"color: #993300;\"><strong>Producci\u00f3n en Chile: <\/strong><span style=\"color: #000000;\"><strong>Paulina Molina<\/strong><br \/>\n<strong><span style=\"color: #993300;\">Piano, Programaci\u00f3n y Teclados:<\/span> <span style=\"color: #000000;\">Dar\u00edo Gomez<\/span><\/strong><br \/>\n<\/span><\/span><\/p>\n<p><strong><span style=\"color: #993300;\">Producci\u00f3n en Uruguay: <span style=\"color: #000000;\">Nat\u00fc Martinez<\/span><\/span><\/strong><\/p>\n<p><strong><span style=\"color: #993300;\">Staff Art\u00edstico Musical<\/span><\/strong><br \/>\n<span style=\"color: #000000;\"><strong><span style=\"color: #993300;\">Piano, Programaci\u00f3n y Teclados:<\/span> Ezequiel Giunta<\/strong><\/span><br \/>\n<span style=\"color: #000000;\"><strong><span style=\"color: #993300;\">Guitarra El\u00e9ctrica:<\/span> Tito Lopez\u00a0<\/strong><\/span><br \/>\n<span style=\"color: #000000;\"><strong><span style=\"color: #993300;\">Bajo:<\/span> Luis Navarro<\/strong><\/span><br \/>\n<span style=\"color: #000000;\"><strong><span style=\"color: #993300;\">Bater\u00eda:<\/span> Cherson Mansilla<\/strong><\/span><br \/>\n<span style=\"color: #000000;\"><strong><span style=\"color: #993300;\">Dise\u00f1o y Gr\u00e1ficas:<\/span> Pamela Carabajal<\/strong><\/span><br \/>\n<span style=\"color: #000000;\"><strong><span style=\"color: #993300;\">Redes:<\/span> Pamela Carabajal y Abril Mottola<\/strong><\/span><\/p>\n","protected":false},"excerpt":{"rendered":"<p>En nuestro Equipo de Producci\u00f3n, todos tenemos una tarea espec\u00edfica que cumplir, pero el com\u00fan denominador es: El Amor por el Gospel El Respeto por el valioso Grupo Humano con&#8230;<\/p>\n","protected":false},"author":1,"featured_media":0,"parent":0,"menu_order":0,"comment_status":"open","ping_status":"open","template":"page-sidebar.php","meta":{"footnotes":""},"_links":{"self":[{"href":"https:\/\/afrosoundchoir.com.ar\/index.php\/wp-json\/wp\/v2\/pages\/55"}],"collection":[{"href":"https:\/\/afrosoundchoir.com.ar\/index.php\/wp-json\/wp\/v2\/pages"}],"about":[{"href":"https:\/\/afrosoundchoir.com.ar\/index.php\/wp-json\/wp\/v2\/types\/page"}],"author":[{"embeddable":true,"href":"https:\/\/afrosoundchoir.com.ar\/index.php\/wp-json\/wp\/v2\/users\/1"}],"replies":[{"embeddable":true,"href":"https:\/\/afrosoundchoir.com.ar\/index.php\/wp-json\/wp\/v2\/comments?post=55"}],"version-history":[{"count":27,"href":"https:\/\/afrosoundchoir.com.ar\/index.php\/wp-json\/wp\/v2\/pages\/55\/revisions"}],"predecessor-version":[{"id":1068,"href":"https:\/\/afrosoundchoir.com.ar\/index.php\/wp-json\/wp\/v2\/pages\/55\/revisions\/1068"}],"wp:attachment":[{"href":"https:\/\/afrosoundchoir.com.ar\/index.php\/wp-json\/wp\/v2\/media?parent=55"}],"curies":[{"name":"wp","href":"https:\/\/api.w.org\/{rel}","templated":true}]}}