{"id":75,"date":"2015-07-22T20:11:27","date_gmt":"2015-07-22T20:11:27","guid":{"rendered":"http:\/\/afrosoundchoir.com.ar\/wp\/?page_id=75"},"modified":"2026-02-05T04:51:31","modified_gmt":"2026-02-05T04:51:31","slug":"gospel","status":"publish","type":"page","link":"https:\/\/afrosoundchoir.com.ar\/index.php\/gospel\/","title":{"rendered":"GOSPEL"},"content":{"rendered":"<h3><span style=\"color: #993300;\"><strong>Gospel<\/strong><\/span><\/h3>\n<p>En esta secci\u00f3n te invitamos a descubrir la\u00a0<a href=\"http:\/\/afrosoundchoir.com.ar\/index.php\/historia\/\" target=\"_blank\" rel=\"noopener\">Historia del Gospel<\/a>, sus Caracter\u00edsticas, Antecedentes, Or\u00edgen Musical, Fechas Hist\u00f3ricas, Clases de Gospel y sus\u00a0diferencias.<br \/>\nAcomp\u00e1\u00f1anos en este viaje a trav\u00e9s de la conmovedora historia de este apasionante g\u00e9nero: EL GOSPEL.<\/p>\n","protected":false},"excerpt":{"rendered":"<p>Gospel En esta secci\u00f3n te invitamos a descubrir la\u00a0Historia del Gospel, sus Caracter\u00edsticas, Antecedentes, Or\u00edgen Musical, Fechas Hist\u00f3ricas, Clases de Gospel y sus\u00a0diferencias. Acomp\u00e1\u00f1anos en este viaje a trav\u00e9s de&#8230;<\/p>\n","protected":false},"author":1,"featured_media":0,"parent":0,"menu_order":0,"comment_status":"open","ping_status":"open","template":"","meta":{"footnotes":""},"_links":{"self":[{"href":"https:\/\/afrosoundchoir.com.ar\/index.php\/wp-json\/wp\/v2\/pages\/75"}],"collection":[{"href":"https:\/\/afrosoundchoir.com.ar\/index.php\/wp-json\/wp\/v2\/pages"}],"about":[{"href":"https:\/\/afrosoundchoir.com.ar\/index.php\/wp-json\/wp\/v2\/types\/page"}],"author":[{"embeddable":true,"href":"https:\/\/afrosoundchoir.com.ar\/index.php\/wp-json\/wp\/v2\/users\/1"}],"replies":[{"embeddable":true,"href":"https:\/\/afrosoundchoir.com.ar\/index.php\/wp-json\/wp\/v2\/comments?post=75"}],"version-history":[{"count":12,"href":"https:\/\/afrosoundchoir.com.ar\/index.php\/wp-json\/wp\/v2\/pages\/75\/revisions"}],"predecessor-version":[{"id":1070,"href":"https:\/\/afrosoundchoir.com.ar\/index.php\/wp-json\/wp\/v2\/pages\/75\/revisions\/1070"}],"wp:attachment":[{"href":"https:\/\/afrosoundchoir.com.ar\/index.php\/wp-json\/wp\/v2\/media?parent=75"}],"curies":[{"name":"wp","href":"https:\/\/api.w.org\/{rel}","templated":true}]}}